ose 112 = 6*h + h. List the prime factors of (12/3)/16 + 1788/h.
2, 7
List the prime factors of ((-75)/(-5))/(12/236).
5, 59
Let k(y) = y**2 + 3*y - 5. Let v be k(-5). Suppose v*n - 42 + 17 = 0. Suppose n*q - 267 = -47. List the prime factors of q.
2, 11
Let c be 2 + 1 + -1 + 0/2. List the prime factors of (c - 2)*-1 - -138.
2, 3, 23
Let r(g) = -g**3 + 6*g**2 + 3*g - 7. Let f be r(6). Let m = f + -9. Suppose -69 = -m*i - 7. List the prime factors of i.
31
Suppose 2271 = 3*r + 3*c, 9*c - 10*c - 3003 = -4*r. List the prime factors of r.
2, 47
Let a(n) = 7*n + 1. Let p be a(1). Suppose -42 = -4*b - k, -p = 2*k - 6*k. Let m = 25 + b. What are the prime factors of m?
5, 7
Let d(z) = -z - 7. Let b be d(-13). List the prime factors of 1 + 3/b*2.
2
Suppose 0*p - 3*z - 401 = 4*p, 2*p + 228 = 4*z. Let h = -72 - p. Let v = h + -23. List the prime factors of v.
3
Let n(z) = -6*z - 5 - 17 - 3. Suppose 2*w + w - 74 = 5*q, 0 = 3*q - 2*w + 45. What are the prime factors of n(q)?
53
Suppose 32*f - 33*f + 1881 = 3*d, 9405 = 5*f - 4*d. List the prime factors of f.
3, 11, 19
Let k = -708 - -1092. List the prime factors of k.
2, 3
Let o(t) = -t**3 - 7*t**2 - 5*t + 9. Suppose 3*p = 2*f - 3*f + 7, 3*f - 2*p + 34 = 0. What are the prime factors of o(f)?
113
Suppose -6 = -2*w - 2*y, -5*y + 3*y = -4*w + 36. Let m = w - 4. Suppose -3*o + k = -4*o + 3, 2*o = m*k + 11. What are the prime factors of o?
2
Suppose -2*l + 8 + 4 = -h, 5*l + 4*h - 4 = 0. List the prime factors of (-16 - 0)*((-22)/l - -2).
2, 7
Let v = -2 + 7. Suppose v*w = -0*w. What are the prime factors of 8 + -5 - (-7 + w)?
2, 5
Let r = -9 - -13. Suppose 4*h + 2*w - 40 = 0, 2*h = w + 4*w - r. List the prime factors of h.
2
What are the prime factors of 212 - ((-1)/5 - 11/(-5))?
2, 3, 5, 7
Suppose 5 = 2*r + 1, -5*l = 2*r - 1659. Suppose -4*a - 5*n + l = 0, -4*n - 287 = 4*a - 7*a. List the prime factors of a.
89
What are the prime factors of (-653)/(-9) - (-60)/135?
73
Suppose -3*c - 2*h = 5, 2*h + 4 = -4. Let y = 2 + c. What are the prime factors of (9/y)/(12/68)?
17
Suppose 4751 = 3*p + 2*p + 4*f, 3*p - 2833 = 2*f. Suppose 4*y - p = m + 284, 0 = y - 2*m - 313. What are the prime factors of y?
307
Let b be -1 - (-1 + 4 - 7). Suppose -b*p + 17 = 2. Suppose -2*o - o - 263 = -p*m, m + 4*o = 48. What are the prime factors of m?
2, 13
Suppose -53 = 3*w + 4. Let f = 53 + -102. Let q = w - f. List the prime factors of q.
2, 3, 5
Let l be 2 + -1 + 27 + 0. Suppose 2*d = 0, 4*c - 4*d - l = 4. Let n = 9 + c. What are the prime factors of n?
17
Let b(h) = -2*h**2 + 84*h - 17. List the prime factors of b(34).
17, 31
Let j(a) be the first derivative of 2*a**3/3 + 2*a**2 - 10*a - 8. Let o be j(5). Let m = o - 24. What are the prime factors of m?
2, 3
Suppose 4*a - 48 = -4*l, 3*a - 5*a - 12 = -2*l. Suppose -13*k + 8 = -l*k. List the prime factors of (-90)/(-15)*k/1.
2, 3
Suppose -5*m + 2*k = 129 + 58, 3*k = -12. Let u = 15 - m. What are the prime factors of u?
2, 3
Let s be (4 - 3)/((-1)/(-8)). Let h be 0 - (-44)/s*4. Let n = h + -6. What are the prime factors of n?
2
Let y(l) = -3 + 2*l + 2*l**2 - 7*l - 13*l**2 - l**3 + 20*l**2. Let q be (-2)/(-3)*3*4. What are the prime factors of y(q)?
3, 7
Let y be (-50)/(-3) - (-14)/(-21). Suppose -y*a = -18*a + 540. List the prime factors of a.
2, 3, 5
Suppose -2*t = -4*t + 30. Let v(q) = 3*q + 3. Let x be v(-5). Let l = t + x. List the prime factors of l.
3
Let q = 18 + -13. Let f(i) = i**2 - 5*i + 5. Let l be f(q). Suppose -89 = -r - 2*r + l*n, 0 = -3*r - n + 65. What are the prime factors of r?
23
Let m be (-2)/1 - (1 + -1). Let o(w) = -25*w**3 - w**2 - 3*w + 2. List the prime factors of o(m).
2, 3, 17
Let j be 294 + 2 - (-3)/(4 + -7). Suppose 14*u - 643 = j. What are the prime factors of u?
67
Let q(y) = 5*y**2 - 5*y**2 - 11 - 5*y**2 + y + 4*y**2. Let l be q(0). Let g = 11 - l. List the prime factors of g.
2, 11
Let m(k) = -k**2 - 4*k + 2. Let o be m(-4). Suppose -a - 4*p = -21, -a + 8 = o*a + p. List the prime factors of (2/(-6))/(a/(-105)).
5, 7
Suppose 2*d + 15*j = 13*j + 1100, -d + 5*j = -556. What are the prime factors of d?
19, 29
Let v(k) = 47*k - 190. Let i be v(4). Let r(p) = 9*p**2 - 3 - 4*p**2 - 4*p + 0*p. List the prime factors of r(i).
5
Let g = -37 - -36. List the prime factors of (0 - 5)/((-2)/(-10)*g).
5
Suppose -5*i = -25, -5*z + 5 = -3*i + i. Suppose -z*x + y + 363 = 2*y, -2*x + 4*y + 228 = 0. What are the prime factors of x?
2, 3, 5
Let s(x) = x**3 + 9*x**2 + 18*x - 6. Let y be s(-5). Suppose 0 = -y*p + 5*p - 94. What are the prime factors of p?
2, 47
Let g(j) = 14*j - 2. Let m be g(2). Let i be (-4)/(-6) - m/3. Let s = i + 32. What are the prime factors of s?
2, 3
Let r(h) = h**3 - 16*h**2 + 5*h - 16. Let f be r(16). Let i = f - 35. List the prime factors of i.
29
Suppose 0 = 7*m - 14*m + 10206. List the prime factors of m.
2, 3
Suppose -13*q + 12*q + 2*s = -1143, -5*q + s = -5715. What are the prime factors of q?
3, 127
Let k(y) = y**3 - 17*y**2 + 21*y + 16. Let j be k(16). Suppose -3*m - 4*q = -j, q - 2*q + 141 = 4*m. What are the prime factors of 3/(m/32)*3?
2
Let w(d) = 47*d - 66. What are the prime factors of w(20)?
2, 19, 23
Suppose p + 4432 = 17*p. What are the prime factors of p?
277
Let r(v) = v + 373. List the prime factors of r(41).
2, 3, 23
Let x be (1 - 7)/(37/7 + -5). List the prime factors of 8/(-14) - 285/x.
13
Let d(a) = 41*a - 114. What are the prime factors of d(21)?
3, 83
Let m = 3 - 4. Suppose -b + 3*b = 60. List the prime factors of m/((-3)/b) - 0.
2, 5
Let o(x) = -32*x**2 - 1. Let k be o(1). Let t = -13 - k. Suppose t - 124 = -4*m. List the prime factors of m.
2, 13
Let o be (-57)/(-12)*(3 - -1). What are the prime factors of o/2*(9 + 3)?
2, 3, 19
Let q be (-46)/(-5) + 12/(-60). Suppose -3*z = -q*z + 426. List the prime factors of z.
71
Suppose -2*j = -0*j - 56. Let l be (-205)/123 - (-16)/(-3). What are the prime factors of (4 + l)/((-3)/j)?
2, 7
Suppose 3*r - 144 - 297 = 0. Suppose 5*q - 371 = -4*i, -3*i + 3*q = -111 - r. What are the prime factors of i?
89
Let j = 30 + -27. Suppose 6*c = j*c + 345. List the prime factors of c.
5, 23
Let n = 4 + -9. List the prime factors of 2/n - (-3920)/50.
2, 3, 13
Let b be (8/10)/((-4)/(-130)). Let g = 16 + 12. Let l = g - b. List the prime factors of l.
2
Let y = -27 + 38. Suppose 0 = y*i - 1530 + 100. What are the prime factors of i?
2, 5, 13
Let c(g) = -g**3 + 3*g**2 + 3. Let p be c(3). Suppose 0 = -p*v - 19 + 70. What are the prime factors of v?
17
Let f = -68 + 39. Let o = f + 78. What are the prime factors of o?
7
Let o = 92 - 77. Suppose -461 = -2*p - 4*q - o, 4*q = 5*p - 1157. What are the prime factors of p?
229
Let o be -94 - (1 + -3 - 2). Let g = 212 + o. What are the prime factors of g?
2, 61
Suppose 7*b = 133 + 1204. What are the prime factors of b?
191
Let c(g) = 3*g**2 - 35*g - 42. Let r(w) = -w**2 + 12*w + 14. Let y(m) = 3*c(m) + 8*r(m). What are the prime factors of y(-6)?
2, 19
Let j = 660 - 128. What are the prime factors of j?
2, 7, 19
Suppose 2*m = 4*m. Suppose -10 = -3*c - m*b + 2*b, 2*b + 4 = 2*c. Suppose c*o = -o + 392. What are the prime factors of o?
2, 7
What are the prime factors of (-25500)/(-33) - 9/(-33)?
773
Suppose -3*r + 2*r = -6. Suppose -72 = 2*c - r*c. What are the prime factors of (15/(-4))/(c/(-48))?
2, 5
Let v(g) = g**2 - 3*g - 2. Let c be v(3). Let n(i) be the third derivative of -i**6/60 + i**5/60 - 3*i**2 + 3*i. List the prime factors of n(c).
2, 5
Suppose 0*p + k = 3*p - 488, 2*k = -4*p + 654. What are the prime factors of p?
163
Let d(p) = p. Let z(y) = -y**2 + 7*y + 11. Let j(m) = -4*d(m) + z(m). Let t be j(6). What are the prime factors of 1026/63 - (-2)/t?
2
Suppose -2*b - 4*n + 48 = -5*b, -5*n = -3*b - 51. List the prime factors of b/18*(-114)/4.
19
Suppose -3*v + v - 5*w - 17 = 0, w - 11 = -4*v. Suppose 0 = v*b - 19 + 3. What are the prime factors of (b/(-4) + -4)/(-1)?
5
Let z(s) = s**3 - 8*s**2 + 17*s - 8. Let k be z(5). Suppose n = -j + 2*j + 105, n + k*j - 117 = 0. What are the prime factors of n?
109
Let c = 148 + -19. Let d be (-2 + 5)/(3/4). Suppose 5*v + p = v + c, -d*p = 3*v - 100. What are the prime factors of v?
2
List the prime factors of ((-3)/((-6)/(-76)))/((-5)/40).
2, 19
Suppose -2031 = -34*f + 49683. What are the prime factors of